{"id":356,"date":"2022-12-31T11:25:19","date_gmt":"2022-12-31T08:25:19","guid":{"rendered":"https:\/\/gezicimuhendislik.com\/?page_id=356"},"modified":"2023-01-06T02:49:49","modified_gmt":"2023-01-05T23:49:49","slug":"klima","status":"publish","type":"page","link":"https:\/\/gezicimuhendislik.com\/index.php\/urunlerimiz\/klima\/","title":{"rendered":"Klima"},"content":{"rendered":"\t\t<div data-elementor-type=\"wp-page\" data-elementor-id=\"356\" class=\"elementor elementor-356\">\n\t\t\t\t\t\t<section class=\"elementor-section elementor-top-section elementor-element elementor-element-166e482 elementor-section-full_width elementor-section-height-default elementor-section-height-default\" data-id=\"166e482\" data-element_type=\"section\">\n\t\t\t\t\t\t<div class=\"elementor-container elementor-column-gap-default\">\n\t\t\t\t\t<div class=\"elementor-column elementor-col-33 elementor-top-column elementor-element elementor-element-a5264d1\" data-id=\"a5264d1\" data-element_type=\"column\">\n\t\t\t<div class=\"elementor-widget-wrap elementor-element-populated\">\n\t\t\t\t\t\t<div class=\"elementor-element elementor-element-2ac2e0e elementor-widget elementor-widget-image\" data-id=\"2ac2e0e\" data-element_type=\"widget\" data-widget_type=\"image.default\">\n\t\t\t\t<div class=\"elementor-widget-container\">\n\t\t\t<style>\/*! elementor - v3.23.0 - 15-07-2024 *\/\n.elementor-widget-image{text-align:center}.elementor-widget-image a{display:inline-block}.elementor-widget-image a img[src$=\".svg\"]{width:48px}.elementor-widget-image img{vertical-align:middle;display:inline-block}<\/style>\t\t\t\t\t\t\t\t\t\t<img fetchpriority=\"high\" decoding=\"async\" width=\"800\" height=\"338\" src=\"https:\/\/gezicimuhendislik.com\/wp-content\/uploads\/2022\/12\/bosch_logo-1024x433.png\" class=\"attachment-large size-large wp-image-280\" alt=\"\" srcset=\"https:\/\/gezicimuhendislik.com\/wp-content\/uploads\/2022\/12\/bosch_logo-1024x433.png 1024w, https:\/\/gezicimuhendislik.com\/wp-content\/uploads\/2022\/12\/bosch_logo-300x127.png 300w, https:\/\/gezicimuhendislik.com\/wp-content\/uploads\/2022\/12\/bosch_logo-768x324.png 768w, https:\/\/gezicimuhendislik.com\/wp-content\/uploads\/2022\/12\/bosch_logo.png 1200w\" sizes=\"(max-width: 800px) 100vw, 800px\" \/>\t\t\t\t\t\t\t\t\t\t\t\t\t<\/div>\n\t\t\t\t<\/div>\n\t\t\t\t<div class=\"elementor-element elementor-element-99254ce elementor-position-top elementor-widget elementor-widget-image-box\" data-id=\"99254ce\" data-element_type=\"widget\" data-widget_type=\"image-box.default\">\n\t\t\t\t<div class=\"elementor-widget-container\">\n\t\t\t<style>\/*! elementor - v3.23.0 - 15-07-2024 *\/\n.elementor-widget-image-box .elementor-image-box-content{width:100%}@media (min-width:768px){.elementor-widget-image-box.elementor-position-left .elementor-image-box-wrapper,.elementor-widget-image-box.elementor-position-right .elementor-image-box-wrapper{display:flex}.elementor-widget-image-box.elementor-position-right .elementor-image-box-wrapper{text-align:end;flex-direction:row-reverse}.elementor-widget-image-box.elementor-position-left .elementor-image-box-wrapper{text-align:start;flex-direction:row}.elementor-widget-image-box.elementor-position-top .elementor-image-box-img{margin:auto}.elementor-widget-image-box.elementor-vertical-align-top .elementor-image-box-wrapper{align-items:flex-start}.elementor-widget-image-box.elementor-vertical-align-middle .elementor-image-box-wrapper{align-items:center}.elementor-widget-image-box.elementor-vertical-align-bottom .elementor-image-box-wrapper{align-items:flex-end}}@media (max-width:767px){.elementor-widget-image-box .elementor-image-box-img{margin-left:auto!important;margin-right:auto!important;margin-bottom:15px}}.elementor-widget-image-box .elementor-image-box-img{display:inline-block}.elementor-widget-image-box .elementor-image-box-title a{color:inherit}.elementor-widget-image-box .elementor-image-box-wrapper{text-align:center}.elementor-widget-image-box .elementor-image-box-description{margin:0}<\/style><div class=\"elementor-image-box-wrapper\"><figure class=\"elementor-image-box-img\"><a href=\"https:\/\/api.whatsapp.com\/send\/?phone=905055781310&#038;text=Merhaba%20bosch%20klima%20hakk\u0131nda%20bilgi%20almak%20istiyorum.\" tabindex=\"-1\"><img decoding=\"async\" width=\"1000\" height=\"1000\" data-src=\"https:\/\/gezicimuhendislik.com\/wp-content\/uploads\/2022\/12\/BOSCH-KLIMA.webp\" class=\"elementor-animation-grow attachment-full size-full wp-image-495 lazyload\" alt=\"\" data-srcset=\"https:\/\/gezicimuhendislik.com\/wp-content\/uploads\/2022\/12\/BOSCH-KLIMA.webp 1000w, https:\/\/gezicimuhendislik.com\/wp-content\/uploads\/2022\/12\/BOSCH-KLIMA-300x300.webp 300w, https:\/\/gezicimuhendislik.com\/wp-content\/uploads\/2022\/12\/BOSCH-KLIMA-150x150.webp 150w, https:\/\/gezicimuhendislik.com\/wp-content\/uploads\/2022\/12\/BOSCH-KLIMA-768x768.webp 768w\" data-sizes=\"(max-width: 1000px) 100vw, 1000px\" src=\"data:image\/gif;base64,R0lGODlhAQABAAAAACH5BAEKAAEALAAAAAABAAEAAAICTAEAOw==\" style=\"--smush-placeholder-width: 1000px; --smush-placeholder-aspect-ratio: 1000\/1000;\" \/><noscript><img decoding=\"async\" width=\"1000\" height=\"1000\" src=\"https:\/\/gezicimuhendislik.com\/wp-content\/uploads\/2022\/12\/BOSCH-KLIMA.webp\" class=\"elementor-animation-grow attachment-full size-full wp-image-495\" alt=\"\" srcset=\"https:\/\/gezicimuhendislik.com\/wp-content\/uploads\/2022\/12\/BOSCH-KLIMA.webp 1000w, https:\/\/gezicimuhendislik.com\/wp-content\/uploads\/2022\/12\/BOSCH-KLIMA-300x300.webp 300w, https:\/\/gezicimuhendislik.com\/wp-content\/uploads\/2022\/12\/BOSCH-KLIMA-150x150.webp 150w, https:\/\/gezicimuhendislik.com\/wp-content\/uploads\/2022\/12\/BOSCH-KLIMA-768x768.webp 768w\" sizes=\"(max-width: 1000px) 100vw, 1000px\" \/><\/noscript><\/a><\/figure><div class=\"elementor-image-box-content\"><h3 class=\"elementor-image-box-title\"><a href=\"https:\/\/api.whatsapp.com\/send\/?phone=905055781310&#038;text=Merhaba%20bosch%20klima%20hakk\u0131nda%20bilgi%20almak%20istiyorum.\">BOSCH KL\u0130MA<\/a><\/h3><\/div><\/div>\t\t<\/div>\n\t\t\t\t<\/div>\n\t\t\t\t\t<\/div>\n\t\t<\/div>\n\t\t\t\t<div class=\"elementor-column elementor-col-33 elementor-top-column elementor-element elementor-element-314b8f6\" data-id=\"314b8f6\" data-element_type=\"column\">\n\t\t\t<div class=\"elementor-widget-wrap elementor-element-populated\">\n\t\t\t\t\t\t<div class=\"elementor-element elementor-element-ae84711 elementor-widget elementor-widget-image\" data-id=\"ae84711\" data-element_type=\"widget\" data-widget_type=\"image.default\">\n\t\t\t\t<div class=\"elementor-widget-container\">\n\t\t\t\t\t\t\t\t\t\t\t\t\t<img decoding=\"async\" width=\"299\" height=\"168\" data-src=\"https:\/\/gezicimuhendislik.com\/wp-content\/uploads\/2022\/12\/indir-6.png\" class=\"attachment-large size-large wp-image-281 lazyload\" alt=\"\" src=\"data:image\/gif;base64,R0lGODlhAQABAAAAACH5BAEKAAEALAAAAAABAAEAAAICTAEAOw==\" style=\"--smush-placeholder-width: 299px; --smush-placeholder-aspect-ratio: 299\/168;\" \/><noscript><img decoding=\"async\" width=\"299\" height=\"168\" src=\"https:\/\/gezicimuhendislik.com\/wp-content\/uploads\/2022\/12\/indir-6.png\" class=\"attachment-large size-large wp-image-281\" alt=\"\" \/><\/noscript>\t\t\t\t\t\t\t\t\t\t\t\t\t<\/div>\n\t\t\t\t<\/div>\n\t\t\t\t<div class=\"elementor-element elementor-element-025b573 elementor-position-top elementor-widget elementor-widget-image-box\" data-id=\"025b573\" data-element_type=\"widget\" data-widget_type=\"image-box.default\">\n\t\t\t\t<div class=\"elementor-widget-container\">\n\t\t\t<div class=\"elementor-image-box-wrapper\"><figure class=\"elementor-image-box-img\"><a href=\"https:\/\/api.whatsapp.com\/send\/?phone=905055781310&#038;text=Merhaba%20ar\u00e7elik%20klima%20hakk\u0131nda%20bilgi%20almak%20istiyorum.\" tabindex=\"-1\"><img loading=\"lazy\" decoding=\"async\" width=\"375\" height=\"375\" data-src=\"https:\/\/gezicimuhendislik.com\/wp-content\/uploads\/2022\/12\/ARCELIK-KLIMA.jpg\" class=\"elementor-animation-grow attachment-full size-full wp-image-496 lazyload\" alt=\"\" data-srcset=\"https:\/\/gezicimuhendislik.com\/wp-content\/uploads\/2022\/12\/ARCELIK-KLIMA.jpg 375w, https:\/\/gezicimuhendislik.com\/wp-content\/uploads\/2022\/12\/ARCELIK-KLIMA-300x300.jpg 300w, https:\/\/gezicimuhendislik.com\/wp-content\/uploads\/2022\/12\/ARCELIK-KLIMA-150x150.jpg 150w\" data-sizes=\"(max-width: 375px) 100vw, 375px\" src=\"data:image\/gif;base64,R0lGODlhAQABAAAAACH5BAEKAAEALAAAAAABAAEAAAICTAEAOw==\" style=\"--smush-placeholder-width: 375px; --smush-placeholder-aspect-ratio: 375\/375;\" \/><noscript><img loading=\"lazy\" decoding=\"async\" width=\"375\" height=\"375\" src=\"https:\/\/gezicimuhendislik.com\/wp-content\/uploads\/2022\/12\/ARCELIK-KLIMA.jpg\" class=\"elementor-animation-grow attachment-full size-full wp-image-496\" alt=\"\" srcset=\"https:\/\/gezicimuhendislik.com\/wp-content\/uploads\/2022\/12\/ARCELIK-KLIMA.jpg 375w, https:\/\/gezicimuhendislik.com\/wp-content\/uploads\/2022\/12\/ARCELIK-KLIMA-300x300.jpg 300w, https:\/\/gezicimuhendislik.com\/wp-content\/uploads\/2022\/12\/ARCELIK-KLIMA-150x150.jpg 150w\" sizes=\"(max-width: 375px) 100vw, 375px\" \/><\/noscript><\/a><\/figure><div class=\"elementor-image-box-content\"><h3 class=\"elementor-image-box-title\"><a href=\"https:\/\/api.whatsapp.com\/send\/?phone=905055781310&#038;text=Merhaba%20ar\u00e7elik%20klima%20hakk\u0131nda%20bilgi%20almak%20istiyorum.\">AR\u00c7EL\u0130K KL\u0130MA<\/a><\/h3><\/div><\/div>\t\t<\/div>\n\t\t\t\t<\/div>\n\t\t\t\t\t<\/div>\n\t\t<\/div>\n\t\t\t\t<div class=\"elementor-column elementor-col-33 elementor-top-column elementor-element elementor-element-910e0b2\" data-id=\"910e0b2\" data-element_type=\"column\">\n\t\t\t<div class=\"elementor-widget-wrap elementor-element-populated\">\n\t\t\t\t\t\t<div class=\"elementor-element elementor-element-d2ef76f elementor-widget elementor-widget-image\" data-id=\"d2ef76f\" data-element_type=\"widget\" data-widget_type=\"image.default\">\n\t\t\t\t<div class=\"elementor-widget-container\">\n\t\t\t\t\t\t\t\t\t\t\t\t\t<img loading=\"lazy\" decoding=\"async\" width=\"415\" height=\"163\" data-src=\"https:\/\/gezicimuhendislik.com\/wp-content\/uploads\/2022\/12\/baymak-logo.svg\" class=\"attachment-large size-large wp-image-268 lazyload\" alt=\"\" src=\"data:image\/gif;base64,R0lGODlhAQABAAAAACH5BAEKAAEALAAAAAABAAEAAAICTAEAOw==\" style=\"--smush-placeholder-width: 415px; --smush-placeholder-aspect-ratio: 415\/163;\" \/><noscript><img loading=\"lazy\" decoding=\"async\" width=\"415\" height=\"163\" src=\"https:\/\/gezicimuhendislik.com\/wp-content\/uploads\/2022\/12\/baymak-logo.svg\" class=\"attachment-large size-large wp-image-268\" alt=\"\" \/><\/noscript>\t\t\t\t\t\t\t\t\t\t\t\t\t<\/div>\n\t\t\t\t<\/div>\n\t\t\t\t<div class=\"elementor-element elementor-element-8cacd39 elementor-position-top elementor-widget elementor-widget-image-box\" data-id=\"8cacd39\" data-element_type=\"widget\" data-widget_type=\"image-box.default\">\n\t\t\t\t<div class=\"elementor-widget-container\">\n\t\t\t<div class=\"elementor-image-box-wrapper\"><figure class=\"elementor-image-box-img\"><a href=\"https:\/\/api.whatsapp.com\/send\/?phone=905055781310&#038;text=Merhaba%20baymak%20klima%20hakk\u0131nda%20bilgi%20almak%20istiyorum.\" tabindex=\"-1\"><img loading=\"lazy\" decoding=\"async\" width=\"434\" height=\"434\" data-src=\"https:\/\/gezicimuhendislik.com\/wp-content\/uploads\/2023\/01\/Adsiz-tasarim-85.png\" class=\"elementor-animation-grow attachment-full size-full wp-image-1395 lazyload\" alt=\"\" data-srcset=\"https:\/\/gezicimuhendislik.com\/wp-content\/uploads\/2023\/01\/Adsiz-tasarim-85.png 434w, https:\/\/gezicimuhendislik.com\/wp-content\/uploads\/2023\/01\/Adsiz-tasarim-85-300x300.png 300w, https:\/\/gezicimuhendislik.com\/wp-content\/uploads\/2023\/01\/Adsiz-tasarim-85-150x150.png 150w\" data-sizes=\"(max-width: 434px) 100vw, 434px\" src=\"data:image\/gif;base64,R0lGODlhAQABAAAAACH5BAEKAAEALAAAAAABAAEAAAICTAEAOw==\" style=\"--smush-placeholder-width: 434px; --smush-placeholder-aspect-ratio: 434\/434;\" \/><noscript><img loading=\"lazy\" decoding=\"async\" width=\"434\" height=\"434\" src=\"https:\/\/gezicimuhendislik.com\/wp-content\/uploads\/2023\/01\/Adsiz-tasarim-85.png\" class=\"elementor-animation-grow attachment-full size-full wp-image-1395\" alt=\"\" srcset=\"https:\/\/gezicimuhendislik.com\/wp-content\/uploads\/2023\/01\/Adsiz-tasarim-85.png 434w, https:\/\/gezicimuhendislik.com\/wp-content\/uploads\/2023\/01\/Adsiz-tasarim-85-300x300.png 300w, https:\/\/gezicimuhendislik.com\/wp-content\/uploads\/2023\/01\/Adsiz-tasarim-85-150x150.png 150w\" sizes=\"(max-width: 434px) 100vw, 434px\" \/><\/noscript><\/a><\/figure><div class=\"elementor-image-box-content\"><h3 class=\"elementor-image-box-title\"><a href=\"https:\/\/api.whatsapp.com\/send\/?phone=905055781310&#038;text=Merhaba%20baymak%20klima%20hakk\u0131nda%20bilgi%20almak%20istiyorum.\">BAYMAK KL\u0130MA<\/a><\/h3><\/div><\/div>\t\t<\/div>\n\t\t\t\t<\/div>\n\t\t\t\t\t<\/div>\n\t\t<\/div>\n\t\t\t\t\t<\/div>\n\t\t<\/section>\n\t\t\t\t<section class=\"elementor-section elementor-top-section elementor-element elementor-element-9bc6588 elementor-section-boxed elementor-section-height-default elementor-section-height-default\" data-id=\"9bc6588\" data-element_type=\"section\">\n\t\t\t\t\t\t<div class=\"elementor-container elementor-column-gap-default\">\n\t\t\t\t\t<div class=\"elementor-column elementor-col-100 elementor-top-column elementor-element elementor-element-1dd5d06\" data-id=\"1dd5d06\" data-element_type=\"column\">\n\t\t\t<div class=\"elementor-widget-wrap elementor-element-populated\">\n\t\t\t\t\t\t<div class=\"elementor-element elementor-element-d9fdb6d elementor-align-center elementor-widget elementor-widget-global elementor-global-1584 elementor-widget-button\" data-id=\"d9fdb6d\" data-element_type=\"widget\" data-widget_type=\"button.default\">\n\t\t\t\t<div class=\"elementor-widget-container\">\n\t\t\t\t\t<div class=\"elementor-button-wrapper\">\n\t\t\t<a class=\"elementor-button elementor-button-link elementor-size-md\" href=\"https:\/\/api.whatsapp.com\/send\/?phone=050557881310&#038;text=Merhaba%20hizmetleriniz%20hakk\u0131nda%20bilgi%20alabilirmiyim%20?\">\n\t\t\t\t\t\t<span class=\"elementor-button-content-wrapper\">\n\t\t\t\t\t\t\t\t\t<span class=\"elementor-button-text\">TEKL\u0130F AL<\/span>\n\t\t\t\t\t<\/span>\n\t\t\t\t\t<\/a>\n\t\t<\/div>\n\t\t\t\t<\/div>\n\t\t\t\t<\/div>\n\t\t\t\t<div class=\"elementor-element elementor-element-6b53a73 elementor-widget elementor-widget-spacer\" data-id=\"6b53a73\" data-element_type=\"widget\" data-widget_type=\"spacer.default\">\n\t\t\t\t<div class=\"elementor-widget-container\">\n\t\t\t<style>\/*! elementor - v3.23.0 - 15-07-2024 *\/\n.elementor-column .elementor-spacer-inner{height:var(--spacer-size)}.e-con{--container-widget-width:100%}.e-con-inner>.elementor-widget-spacer,.e-con>.elementor-widget-spacer{width:var(--container-widget-width,var(--spacer-size));--align-self:var(--container-widget-align-self,initial);--flex-shrink:0}.e-con-inner>.elementor-widget-spacer>.elementor-widget-container,.e-con>.elementor-widget-spacer>.elementor-widget-container{height:100%;width:100%}.e-con-inner>.elementor-widget-spacer>.elementor-widget-container>.elementor-spacer,.e-con>.elementor-widget-spacer>.elementor-widget-container>.elementor-spacer{height:100%}.e-con-inner>.elementor-widget-spacer>.elementor-widget-container>.elementor-spacer>.elementor-spacer-inner,.e-con>.elementor-widget-spacer>.elementor-widget-container>.elementor-spacer>.elementor-spacer-inner{height:var(--container-widget-height,var(--spacer-size))}.e-con-inner>.elementor-widget-spacer.elementor-widget-empty,.e-con>.elementor-widget-spacer.elementor-widget-empty{position:relative;min-height:22px;min-width:22px}.e-con-inner>.elementor-widget-spacer.elementor-widget-empty .elementor-widget-empty-icon,.e-con>.elementor-widget-spacer.elementor-widget-empty .elementor-widget-empty-icon{position:absolute;top:0;bottom:0;left:0;right:0;margin:auto;padding:0;width:22px;height:22px}<\/style>\t\t<div class=\"elementor-spacer\">\n\t\t\t<div class=\"elementor-spacer-inner\"><\/div>\n\t\t<\/div>\n\t\t\t\t<\/div>\n\t\t\t\t<\/div>\n\t\t\t\t\t<\/div>\n\t\t<\/div>\n\t\t\t\t\t<\/div>\n\t\t<\/section>\n\t\t\t\t<\/div>\n\t\t","protected":false},"excerpt":{"rendered":"<p>BOSCH KL\u0130MA AR\u00c7EL\u0130K KL\u0130MA BAYMAK KL\u0130MA TEKL\u0130F AL<\/p>\n","protected":false},"author":1,"featured_media":0,"parent":15,"menu_order":0,"comment_status":"closed","ping_status":"closed","template":"","meta":{"_eb_attr":"","footnotes":""},"class_list":["post-356","page","type-page","status-publish","hentry"],"_links":{"self":[{"href":"https:\/\/gezicimuhendislik.com\/index.php\/wp-json\/wp\/v2\/pages\/356","targetHints":{"allow":["GET"]}}],"collection":[{"href":"https:\/\/gezicimuhendislik.com\/index.php\/wp-json\/wp\/v2\/pages"}],"about":[{"href":"https:\/\/gezicimuhendislik.com\/index.php\/wp-json\/wp\/v2\/types\/page"}],"author":[{"embeddable":true,"href":"https:\/\/gezicimuhendislik.com\/index.php\/wp-json\/wp\/v2\/users\/1"}],"replies":[{"embeddable":true,"href":"https:\/\/gezicimuhendislik.com\/index.php\/wp-json\/wp\/v2\/comments?post=356"}],"version-history":[{"count":34,"href":"https:\/\/gezicimuhendislik.com\/index.php\/wp-json\/wp\/v2\/pages\/356\/revisions"}],"predecessor-version":[{"id":1628,"href":"https:\/\/gezicimuhendislik.com\/index.php\/wp-json\/wp\/v2\/pages\/356\/revisions\/1628"}],"up":[{"embeddable":true,"href":"https:\/\/gezicimuhendislik.com\/index.php\/wp-json\/wp\/v2\/pages\/15"}],"wp:attachment":[{"href":"https:\/\/gezicimuhendislik.com\/index.php\/wp-json\/wp\/v2\/media?parent=356"}],"curies":[{"name":"wp","href":"https:\/\/api.w.org\/{rel}","templated":true}]}}